{"id":168,"date":"2017-10-10T13:29:18","date_gmt":"2017-10-10T11:29:18","guid":{"rendered":"http:\/\/yemanja.info\/accueil\/?page_id=168"},"modified":"2024-01-28T17:29:50","modified_gmt":"2024-01-28T16:29:50","slug":"lequipage","status":"publish","type":"page","link":"https:\/\/yemanja.info\/accueil\/lequipage\/","title":{"rendered":"L&rsquo;\u00e9quipage en 2019"},"content":{"rendered":"<p><img data-recalc-dims=\"1\" loading=\"lazy\" decoding=\"async\" class=\"size-medium wp-image-212 alignright\" src=\"https:\/\/i0.wp.com\/yemanja.info\/accueil\/wp-content\/uploads\/2017\/10\/DSCN0412-300x225.jpg?resize=300%2C225\" alt=\"\" width=\"300\" height=\"225\" srcset=\"https:\/\/i0.wp.com\/yemanja.info\/accueil\/wp-content\/uploads\/2017\/10\/DSCN0412.jpg?resize=300%2C225&amp;ssl=1 300w, https:\/\/i0.wp.com\/yemanja.info\/accueil\/wp-content\/uploads\/2017\/10\/DSCN0412.jpg?resize=768%2C576&amp;ssl=1 768w, https:\/\/i0.wp.com\/yemanja.info\/accueil\/wp-content\/uploads\/2017\/10\/DSCN0412.jpg?resize=1024%2C768&amp;ssl=1 1024w, https:\/\/i0.wp.com\/yemanja.info\/accueil\/wp-content\/uploads\/2017\/10\/DSCN0412.jpg?resize=100%2C75&amp;ssl=1 100w, https:\/\/i0.wp.com\/yemanja.info\/accueil\/wp-content\/uploads\/2017\/10\/DSCN0412.jpg?resize=150%2C113&amp;ssl=1 150w, https:\/\/i0.wp.com\/yemanja.info\/accueil\/wp-content\/uploads\/2017\/10\/DSCN0412.jpg?resize=200%2C150&amp;ssl=1 200w, https:\/\/i0.wp.com\/yemanja.info\/accueil\/wp-content\/uploads\/2017\/10\/DSCN0412.jpg?resize=450%2C338&amp;ssl=1 450w, https:\/\/i0.wp.com\/yemanja.info\/accueil\/wp-content\/uploads\/2017\/10\/DSCN0412.jpg?resize=600%2C450&amp;ssl=1 600w, https:\/\/i0.wp.com\/yemanja.info\/accueil\/wp-content\/uploads\/2017\/10\/DSCN0412.jpg?resize=900%2C675&amp;ssl=1 900w, https:\/\/i0.wp.com\/yemanja.info\/accueil\/wp-content\/uploads\/2017\/10\/DSCN0412.jpg?w=2280&amp;ssl=1 2280w, https:\/\/i0.wp.com\/yemanja.info\/accueil\/wp-content\/uploads\/2017\/10\/DSCN0412.jpg?w=3420&amp;ssl=1 3420w\" sizes=\"auto, (max-width: 300px) 100vw, 300px\" \/><\/p>\n<h2><\/h2>\n<p><span style=\"color: #00ccff;\"><strong>Mathias<\/strong><\/span><\/p>\n<p>n\u00e9 en f\u00e9vrier 2009 il a 10 ans lors du 1er d\u00e9part.<\/p>\n<p>Interview du 10 octobre 2017 :<\/p>\n<audio class=\"wp-audio-shortcode\" id=\"audio-168-1\" preload=\"none\" style=\"width: 100%;\" controls=\"controls\"><source type=\"audio\/mpeg\" src=\"http:\/\/yemanja.info\/accueil\/wp-content\/uploads\/2017\/10\/mathias.m4a?_=1\" \/><a href=\"http:\/\/yemanja.info\/accueil\/wp-content\/uploads\/2017\/10\/mathias.m4a\">http:\/\/yemanja.info\/accueil\/wp-content\/uploads\/2017\/10\/mathias.m4a<\/a><\/audio>\n<p><strong><span style=\"color: #00ccff;\">Ewan<img data-recalc-dims=\"1\" loading=\"lazy\" decoding=\"async\" class=\"size-medium wp-image-215 alignright\" src=\"https:\/\/i0.wp.com\/yemanja.info\/accueil\/wp-content\/uploads\/2017\/10\/DSCN0545-e1507659743635-225x300.jpg?resize=225%2C300\" alt=\"\" width=\"225\" height=\"300\" srcset=\"https:\/\/i0.wp.com\/yemanja.info\/accueil\/wp-content\/uploads\/2017\/10\/DSCN0545-e1507659743635.jpg?resize=225%2C300&amp;ssl=1 225w, https:\/\/i0.wp.com\/yemanja.info\/accueil\/wp-content\/uploads\/2017\/10\/DSCN0545-e1507659743635.jpg?resize=768%2C1024&amp;ssl=1 768w, https:\/\/i0.wp.com\/yemanja.info\/accueil\/wp-content\/uploads\/2017\/10\/DSCN0545-e1507659743635.jpg?resize=100%2C133&amp;ssl=1 100w, https:\/\/i0.wp.com\/yemanja.info\/accueil\/wp-content\/uploads\/2017\/10\/DSCN0545-e1507659743635.jpg?resize=150%2C200&amp;ssl=1 150w, https:\/\/i0.wp.com\/yemanja.info\/accueil\/wp-content\/uploads\/2017\/10\/DSCN0545-e1507659743635.jpg?resize=200%2C267&amp;ssl=1 200w, https:\/\/i0.wp.com\/yemanja.info\/accueil\/wp-content\/uploads\/2017\/10\/DSCN0545-e1507659743635.jpg?resize=300%2C400&amp;ssl=1 300w, https:\/\/i0.wp.com\/yemanja.info\/accueil\/wp-content\/uploads\/2017\/10\/DSCN0545-e1507659743635.jpg?resize=450%2C600&amp;ssl=1 450w, https:\/\/i0.wp.com\/yemanja.info\/accueil\/wp-content\/uploads\/2017\/10\/DSCN0545-e1507659743635.jpg?resize=600%2C800&amp;ssl=1 600w, https:\/\/i0.wp.com\/yemanja.info\/accueil\/wp-content\/uploads\/2017\/10\/DSCN0545-e1507659743635.jpg?resize=900%2C1200&amp;ssl=1 900w, https:\/\/i0.wp.com\/yemanja.info\/accueil\/wp-content\/uploads\/2017\/10\/DSCN0545-e1507659743635.jpg?w=2280&amp;ssl=1 2280w, https:\/\/i0.wp.com\/yemanja.info\/accueil\/wp-content\/uploads\/2017\/10\/DSCN0545-e1507659743635.jpg?w=3420&amp;ssl=1 3420w\" sizes=\"auto, (max-width: 225px) 100vw, 225px\" \/><\/span><\/strong><\/p>\n<p>n\u00e9 en octobre 2007, il a 11 ans lors du 1 er d\u00e9part.<\/p>\n<p>Interview du 10 octobre 2017 :<\/p>\n<audio class=\"wp-audio-shortcode\" id=\"audio-168-2\" preload=\"none\" style=\"width: 100%;\" controls=\"controls\"><source type=\"audio\/mpeg\" src=\"http:\/\/yemanja.info\/accueil\/wp-content\/uploads\/2017\/10\/ewan.m4a?_=2\" \/><a href=\"http:\/\/yemanja.info\/accueil\/wp-content\/uploads\/2017\/10\/ewan.m4a\">http:\/\/yemanja.info\/accueil\/wp-content\/uploads\/2017\/10\/ewan.m4a<\/a><\/audio>\n<p><strong><span style=\"color: #00ccff;\">Bruno<\/span><\/strong><\/p>\n<p><img data-recalc-dims=\"1\" loading=\"lazy\" decoding=\"async\" class=\"wp-image-217 size-medium alignright\" src=\"https:\/\/i0.wp.com\/yemanja.info\/accueil\/wp-content\/uploads\/2017\/10\/DSCN0375-e1507660045999-225x300.jpg?resize=225%2C300\" alt=\"\" width=\"225\" height=\"300\" srcset=\"https:\/\/i0.wp.com\/yemanja.info\/accueil\/wp-content\/uploads\/2017\/10\/DSCN0375-e1507660045999.jpg?resize=225%2C300&amp;ssl=1 225w, https:\/\/i0.wp.com\/yemanja.info\/accueil\/wp-content\/uploads\/2017\/10\/DSCN0375-e1507660045999.jpg?resize=768%2C1024&amp;ssl=1 768w, https:\/\/i0.wp.com\/yemanja.info\/accueil\/wp-content\/uploads\/2017\/10\/DSCN0375-e1507660045999.jpg?resize=100%2C133&amp;ssl=1 100w, https:\/\/i0.wp.com\/yemanja.info\/accueil\/wp-content\/uploads\/2017\/10\/DSCN0375-e1507660045999.jpg?resize=150%2C200&amp;ssl=1 150w, https:\/\/i0.wp.com\/yemanja.info\/accueil\/wp-content\/uploads\/2017\/10\/DSCN0375-e1507660045999.jpg?resize=200%2C267&amp;ssl=1 200w, https:\/\/i0.wp.com\/yemanja.info\/accueil\/wp-content\/uploads\/2017\/10\/DSCN0375-e1507660045999.jpg?resize=300%2C400&amp;ssl=1 300w, https:\/\/i0.wp.com\/yemanja.info\/accueil\/wp-content\/uploads\/2017\/10\/DSCN0375-e1507660045999.jpg?resize=450%2C600&amp;ssl=1 450w, https:\/\/i0.wp.com\/yemanja.info\/accueil\/wp-content\/uploads\/2017\/10\/DSCN0375-e1507660045999.jpg?resize=600%2C800&amp;ssl=1 600w, https:\/\/i0.wp.com\/yemanja.info\/accueil\/wp-content\/uploads\/2017\/10\/DSCN0375-e1507660045999.jpg?resize=900%2C1200&amp;ssl=1 900w, https:\/\/i0.wp.com\/yemanja.info\/accueil\/wp-content\/uploads\/2017\/10\/DSCN0375-e1507660045999.jpg?w=2280&amp;ssl=1 2280w, https:\/\/i0.wp.com\/yemanja.info\/accueil\/wp-content\/uploads\/2017\/10\/DSCN0375-e1507660045999.jpg?w=3420&amp;ssl=1 3420w\" sizes=\"auto, (max-width: 225px) 100vw, 225px\" \/><\/p>\n<p>Formateur de s\u00e9curit\u00e9 en mer<\/p>\n<p>Accessoirement\u00a0 : Guitariste, \u00e9lectricien, informaticien.<\/p>\n<p>interview du 10 octobre 2017 :<\/p>\n<audio class=\"wp-audio-shortcode\" id=\"audio-168-3\" preload=\"none\" style=\"width: 100%;\" controls=\"controls\"><source type=\"audio\/mpeg\" src=\"http:\/\/yemanja.info\/accueil\/wp-content\/uploads\/2017\/10\/bruno.m4a?_=3\" \/><a href=\"http:\/\/yemanja.info\/accueil\/wp-content\/uploads\/2017\/10\/bruno.m4a\">http:\/\/yemanja.info\/accueil\/wp-content\/uploads\/2017\/10\/bruno.m4a<\/a><\/audio>\n<p><span style=\"color: #00ccff;\"><strong>S\u00e9gol\u00e8ne<\/strong><img data-recalc-dims=\"1\" loading=\"lazy\" decoding=\"async\" class=\"size-medium wp-image-219 alignright\" src=\"https:\/\/i0.wp.com\/yemanja.info\/accueil\/wp-content\/uploads\/2017\/10\/DSCN0301-300x225.jpg?resize=300%2C225\" alt=\"\" width=\"300\" height=\"225\" srcset=\"https:\/\/i0.wp.com\/yemanja.info\/accueil\/wp-content\/uploads\/2017\/10\/DSCN0301.jpg?resize=300%2C225&amp;ssl=1 300w, https:\/\/i0.wp.com\/yemanja.info\/accueil\/wp-content\/uploads\/2017\/10\/DSCN0301.jpg?resize=768%2C576&amp;ssl=1 768w, https:\/\/i0.wp.com\/yemanja.info\/accueil\/wp-content\/uploads\/2017\/10\/DSCN0301.jpg?resize=1024%2C768&amp;ssl=1 1024w, https:\/\/i0.wp.com\/yemanja.info\/accueil\/wp-content\/uploads\/2017\/10\/DSCN0301.jpg?resize=100%2C75&amp;ssl=1 100w, https:\/\/i0.wp.com\/yemanja.info\/accueil\/wp-content\/uploads\/2017\/10\/DSCN0301.jpg?resize=150%2C113&amp;ssl=1 150w, https:\/\/i0.wp.com\/yemanja.info\/accueil\/wp-content\/uploads\/2017\/10\/DSCN0301.jpg?resize=200%2C150&amp;ssl=1 200w, https:\/\/i0.wp.com\/yemanja.info\/accueil\/wp-content\/uploads\/2017\/10\/DSCN0301.jpg?resize=450%2C338&amp;ssl=1 450w, https:\/\/i0.wp.com\/yemanja.info\/accueil\/wp-content\/uploads\/2017\/10\/DSCN0301.jpg?resize=600%2C450&amp;ssl=1 600w, https:\/\/i0.wp.com\/yemanja.info\/accueil\/wp-content\/uploads\/2017\/10\/DSCN0301.jpg?resize=900%2C675&amp;ssl=1 900w, https:\/\/i0.wp.com\/yemanja.info\/accueil\/wp-content\/uploads\/2017\/10\/DSCN0301.jpg?w=2280&amp;ssl=1 2280w, https:\/\/i0.wp.com\/yemanja.info\/accueil\/wp-content\/uploads\/2017\/10\/DSCN0301.jpg?w=3420&amp;ssl=1 3420w\" sizes=\"auto, (max-width: 300px) 100vw, 300px\" \/><\/span><\/p>\n<p>Marin Marine marchande<\/p>\n<p>Formatrice maritime sur diff\u00e9rents sujets.<\/p>\n","protected":false},"excerpt":{"rendered":"<p>Mathias n\u00e9 en f\u00e9vrier 2009 il a 10 ans lors du 1er d\u00e9part. Interview du 10 octobre 2017 : Ewan n\u00e9 en octobre 2007, il a 11 ans lors du 1 er d\u00e9part. Interview du 10 octobre 2017 : Bruno &hellip; <a href=\"https:\/\/yemanja.info\/accueil\/lequipage\/\">Lire la suite\u00ad\u00ad<\/a><\/p>\n","protected":false},"author":4,"featured_media":0,"parent":0,"menu_order":0,"comment_status":"closed","ping_status":"closed","template":"","meta":{"footnotes":""},"class_list":["post-168","page","type-page","status-publish","hentry"],"jetpack_sharing_enabled":true,"_links":{"self":[{"href":"https:\/\/yemanja.info\/accueil\/wp-json\/wp\/v2\/pages\/168","targetHints":{"allow":["GET"]}}],"collection":[{"href":"https:\/\/yemanja.info\/accueil\/wp-json\/wp\/v2\/pages"}],"about":[{"href":"https:\/\/yemanja.info\/accueil\/wp-json\/wp\/v2\/types\/page"}],"author":[{"embeddable":true,"href":"https:\/\/yemanja.info\/accueil\/wp-json\/wp\/v2\/users\/4"}],"replies":[{"embeddable":true,"href":"https:\/\/yemanja.info\/accueil\/wp-json\/wp\/v2\/comments?post=168"}],"version-history":[{"count":8,"href":"https:\/\/yemanja.info\/accueil\/wp-json\/wp\/v2\/pages\/168\/revisions"}],"predecessor-version":[{"id":2905,"href":"https:\/\/yemanja.info\/accueil\/wp-json\/wp\/v2\/pages\/168\/revisions\/2905"}],"wp:attachment":[{"href":"https:\/\/yemanja.info\/accueil\/wp-json\/wp\/v2\/media?parent=168"}],"curies":[{"name":"wp","href":"https:\/\/api.w.org\/{rel}","templated":true}]}}